{"id":208,"date":"2020-07-05T12:39:55","date_gmt":"2020-07-05T15:39:55","guid":{"rendered":"https:\/\/www.spavitabella.cl\/?page_id=208"},"modified":"2021-03-12T20:02:06","modified_gmt":"2021-03-12T23:02:06","slug":"promociones","status":"publish","type":"page","link":"https:\/\/www.spavitabella.cl\/index.php\/promociones\/","title":{"rendered":"Promociones"},"content":{"rendered":"\n<p class=\"has-large-font-size\">\u00a1No te pierdas estas promociones!<\/p>\n\n\n\n<div style=\"height:30px\" aria-hidden=\"true\" class=\"wp-block-spacer\"><\/div>\n\n\n\n<p class=\"has-medium-font-size\">Promociones  por apertura nuevo espacio en la Comuna de Padre Hurtado (* ** ***)<\/p>\n\n\n\n<div style=\"height:30px\" aria-hidden=\"true\" class=\"wp-block-spacer\"><\/div>\n\n\n<style type=\"text\/css\" scoped>.rbs_gallery_69da3c674c629Spinner{\r\n\t\t\t\tmargin: 50px auto;\r\n\t\t\t\twidth: 50px;\r\n\t\t\t\theight: 40px;\r\n\t\t\t\ttext-align: center;\r\n\t\t\t\tfont-size: 10px;\r\n\t\t\t}\r\n\t\t\t.rbs_gallery_69da3c674c629Spinner > div{\r\n\t\t\t  background-color: #333;\r\n\t\t\t  height: 100%;\r\n\t\t\t  width: 6px;\r\n\t\t\t  display: inline-block;\r\n\t\t\t  -webkit-animation: rbs_gallery_69da3c674c629-stretchdelay 1.2s infinite ease-in-out;\r\n\t\t\t  animation: rbs_gallery_69da3c674c629-stretchdelay 1.2s infinite ease-in-out;\r\n\t\t\t}\r\n\t\t\t.rbs_gallery_69da3c674c629Spinner .rbs_gallery_69da3c674c629Rect2 {\r\n\t\t\t  -webkit-animation-delay: -1.1s;\r\n\t\t\t  animation-delay: -1.1s;\r\n\t\t\t}\r\n\t\t\t.rbs_gallery_69da3c674c629Spinner .rbs_gallery_69da3c674c629Rect3 {\r\n\t\t\t  -webkit-animation-delay: -1.0s;\r\n\t\t\t  animation-delay: -1.0s;\r\n\t\t\t}\r\n\t\t\t.rbs_gallery_69da3c674c629Spinner .rbs_gallery_69da3c674c629Rect4 {\r\n\t\t\t  -webkit-animation-delay: -0.9s;\r\n\t\t\t  animation-delay: -0.9s;\r\n\t\t\t}\r\n\t\t\t.rbs_gallery_69da3c674c629Spinner .rbs_gallery_69da3c674c629Rect5 {\r\n\t\t\t  -webkit-animation-delay: -0.8s;\r\n\t\t\t  animation-delay: -0.8s;\r\n\t\t\t}\r\n\t\t\t@-webkit-keyframes rbs_gallery_69da3c674c629-stretchdelay {\r\n\t\t\t  0%, 40%, 100% { -webkit-transform: scaleY(0.4) }  \r\n\t\t\t  20% { -webkit-transform: scaleY(1.0) }\r\n\t\t\t}\r\n\t\t\t@keyframes rbs_gallery_69da3c674c629-stretchdelay {\r\n\t\t\t  0%, 40%, 100% { \r\n\t\t\t    transform: scaleY(0.4);\r\n\t\t\t    -webkit-transform: scaleY(0.4);\r\n\t\t\t  }  20% { \r\n\t\t\t    transform: scaleY(1.0);\r\n\t\t\t    -webkit-transform: scaleY(1.0);\r\n\t\t\t  }\r\n\t\t\t}\r\n\t\t<\/style><div class=\"robo-gallery-wrap robo-gallery-wrap-id889 robo-gallery-grid\"><div id=\"rbs_gallery_69da3c674c629-block-loader\" class=\"rbs_gallery_69da3c674c629Spinner\"><div class=\"rbs_gallery_69da3c674c629Rect1\"><\/div> <div class=\"rbs_gallery_69da3c674c629Rect2\"><\/div> <div class=\"rbs_gallery_69da3c674c629Rect3\"><\/div> <div class=\"rbs_gallery_69da3c674c629Rect4\"><\/div> <div class=\"rbs_gallery_69da3c674c629Rect5\"><\/div><\/div><div id=\"robo_gallery_main_block_rbs_gallery_69da3c674c629\" class=\"robogallery-gallery-889\" style=\"width:100%;  display: none;\"><div id=\"rbs_gallery_69da3c674c629\" data-options=\"rbs_gallery_69da3c674c629\" style=\"width:100%;\" class=\"robo_gallery  \"><div class=\"rbs-img  category889 \"  data-columns=\"1\" ><div class=\"rbs-img-image   rbs-lightbox \" ><div class=\"rbs-img-thumbs\"  data-thumbnail=\"https:\/\/www.spavitabella.cl\/wp-content\/uploads\/2021\/03\/promo9_marzo-240x300.png\"  title=\"Que nadie te diga no puedes!!\"  data-width=\"240\"  data-height=\"300\" ><\/div><div class=\"rbs-img-data-popup\"  data-popup=\"https:\/\/www.spavitabella.cl\/wp-content\/uploads\/2021\/03\/promo9_marzo.png\"  title=\"Que nadie te diga no puedes!!\" ><\/div><div class=\"thumbnail-overlay\"><div class=\"rbsTitle \">Que nadie te diga no puedes!!<\/div><div class=\"rbsIcons\"><i class=\"fa fa-search-plus rbsZoomIcon \" ><\/i><\/div><\/div><\/div><\/div><div class=\"rbs-img  category889 \" ><div class=\"rbs-img-image   rbs-lightbox \" ><div class=\"rbs-img-thumbs\"  data-thumbnail=\"https:\/\/www.spavitabella.cl\/wp-content\/uploads\/2021\/03\/promo8_marzo-240x300.png\"  title=\"Cari\u00f1o!!\"  data-width=\"240\"  data-height=\"300\" ><\/div><div class=\"rbs-img-data-popup\"  data-popup=\"https:\/\/www.spavitabella.cl\/wp-content\/uploads\/2021\/03\/promo8_marzo.png\"  title=\"Cari\u00f1o!!\" ><\/div><div class=\"thumbnail-overlay\"><div class=\"rbsTitle \">Cari\u00f1o!!<\/div><div class=\"rbsIcons\"><i class=\"fa fa-search-plus rbsZoomIcon \" ><\/i><\/div><\/div><\/div><\/div><div class=\"rbs-img  category889 \" ><div class=\"rbs-img-image   rbs-lightbox \" ><div class=\"rbs-img-thumbs\"  data-thumbnail=\"https:\/\/www.spavitabella.cl\/wp-content\/uploads\/2021\/03\/promo7_marzo-240x300.png\"  title=\"Amor y Uni\u00f3n!!\"  data-width=\"240\"  data-height=\"300\" ><\/div><div class=\"rbs-img-data-popup\"  data-popup=\"https:\/\/www.spavitabella.cl\/wp-content\/uploads\/2021\/03\/promo7_marzo.png\"  title=\"Amor y Uni\u00f3n!!\" ><\/div><div class=\"thumbnail-overlay\"><div class=\"rbsTitle \">Amor y Uni\u00f3n!!<\/div><div class=\"rbsIcons\"><i class=\"fa fa-search-plus rbsZoomIcon \" ><\/i><\/div><\/div><\/div><\/div><div class=\"rbs-img  category889 \" ><div class=\"rbs-img-image   rbs-lightbox \" ><div class=\"rbs-img-thumbs\"  data-thumbnail=\"https:\/\/www.spavitabella.cl\/wp-content\/uploads\/2021\/03\/promo6_marzo-240x300.png\"  title=\"\u00c1mate!!\"  data-width=\"240\"  data-height=\"300\" ><\/div><div class=\"rbs-img-data-popup\"  data-popup=\"https:\/\/www.spavitabella.cl\/wp-content\/uploads\/2021\/03\/promo6_marzo.png\"  title=\"\u00c1mate!!\" ><\/div><div class=\"thumbnail-overlay\"><div class=\"rbsTitle \">\u00c1mate!!<\/div><div class=\"rbsIcons\"><i class=\"fa fa-search-plus rbsZoomIcon \" ><\/i><\/div><\/div><\/div><\/div><div class=\"rbs-img  category889 \" ><div class=\"rbs-img-image   rbs-lightbox \" ><div class=\"rbs-img-thumbs\"  data-thumbnail=\"https:\/\/www.spavitabella.cl\/wp-content\/uploads\/2021\/03\/promo1_marzo-240x300.png\"  title=\"L\u00facete!!\"  data-width=\"240\"  data-height=\"300\" ><\/div><div class=\"rbs-img-data-popup\"  data-popup=\"https:\/\/www.spavitabella.cl\/wp-content\/uploads\/2021\/03\/promo1_marzo.png\"  title=\"L\u00facete!!\" ><\/div><div class=\"thumbnail-overlay\"><div class=\"rbsTitle \">L\u00facete!!<\/div><div class=\"rbsIcons\"><i class=\"fa fa-search-plus rbsZoomIcon \" ><\/i><\/div><\/div><\/div><\/div><div class=\"rbs-img  category889 \" ><div class=\"rbs-img-image   rbs-lightbox \" ><div class=\"rbs-img-thumbs\"  data-thumbnail=\"https:\/\/www.spavitabella.cl\/wp-content\/uploads\/2021\/03\/promo2_marzo-239x300.png\"  title=\"Siempre Bella!!\"  data-width=\"239\"  data-height=\"300\" ><\/div><div class=\"rbs-img-data-popup\"  data-popup=\"https:\/\/www.spavitabella.cl\/wp-content\/uploads\/2021\/03\/promo2_marzo.png\"  title=\"Siempre Bella!!\" ><\/div><div class=\"thumbnail-overlay\"><div class=\"rbsTitle \">Siempre Bella!!<\/div><div class=\"rbsIcons\"><i class=\"fa fa-search-plus rbsZoomIcon \" ><\/i><\/div><\/div><\/div><\/div><div class=\"rbs-img  category889 \" ><div class=\"rbs-img-image   rbs-lightbox \" ><div class=\"rbs-img-thumbs\"  data-thumbnail=\"https:\/\/www.spavitabella.cl\/wp-content\/uploads\/2021\/03\/promo3_marzo-240x300.png\"  title=\"Eres Luz!!\"  data-width=\"240\"  data-height=\"300\" ><\/div><div class=\"rbs-img-data-popup\"  data-popup=\"https:\/\/www.spavitabella.cl\/wp-content\/uploads\/2021\/03\/promo3_marzo.png\"  title=\"Eres Luz!!\" ><\/div><div class=\"thumbnail-overlay\"><div class=\"rbsTitle \">Eres Luz!!<\/div><div class=\"rbsIcons\"><i class=\"fa fa-search-plus rbsZoomIcon \" ><\/i><\/div><\/div><\/div><\/div><div class=\"rbs-img  category889 \" ><div class=\"rbs-img-image   rbs-lightbox \" ><div class=\"rbs-img-thumbs\"  data-thumbnail=\"https:\/\/www.spavitabella.cl\/wp-content\/uploads\/2021\/03\/promo4_marzo-240x300.png\"  title=\"Eres Brillante!!\"  data-width=\"240\"  data-height=\"300\" ><\/div><div class=\"rbs-img-data-popup\"  data-popup=\"https:\/\/www.spavitabella.cl\/wp-content\/uploads\/2021\/03\/promo4_marzo.png\"  title=\"Eres Brillante!!\" ><\/div><div class=\"thumbnail-overlay\"><div class=\"rbsTitle \">Eres Brillante!!<\/div><div class=\"rbsIcons\"><i class=\"fa fa-search-plus rbsZoomIcon \" ><\/i><\/div><\/div><\/div><\/div><div class=\"rbs-img  category889 \" ><div class=\"rbs-img-image   rbs-lightbox \" ><div class=\"rbs-img-thumbs\"  data-thumbnail=\"https:\/\/www.spavitabella.cl\/wp-content\/uploads\/2021\/03\/promo5_marzo-240x300.png\"  title=\"Eres \u00danica\"  data-width=\"240\"  data-height=\"300\" ><\/div><div class=\"rbs-img-data-popup\"  data-popup=\"https:\/\/www.spavitabella.cl\/wp-content\/uploads\/2021\/03\/promo5_marzo.png\"  title=\"Eres \u00danica\" ><\/div><div class=\"thumbnail-overlay\"><div class=\"rbsTitle \">Eres \u00danica<\/div><div class=\"rbsIcons\"><i class=\"fa fa-search-plus rbsZoomIcon \" ><\/i><\/div><\/div><\/div><\/div><\/div><\/div><\/div><script>var rbs_gallery_69da3c674c629 = {\"version\":\"3.0.4\",\"id\":889,\"class\":\"id889\",\"roboGalleryDelay\":1000,\"mainContainer\":\"#robo_gallery_main_block_rbs_gallery_69da3c674c629\",\"columnWidth\":\"auto\",\"columns\":3,\"resolutions\":[{\"columnWidth\":\"auto\",\"columns\":3,\"maxWidth\":960},{\"columnWidth\":\"auto\",\"columns\":2,\"maxWidth\":650},{\"columnWidth\":\"auto\",\"columns\":1,\"maxWidth\":450}],\"loadingContainer\":\"#rbs_gallery_69da3c674c629-block-loader\",\"deepLinking\":null,\"lightboxOptions\":{\"gallery\":{\"enabled\":true,\"tCounter\":\"%curr% of %total%\"}},\"overlayEffect\":\"direction-aware-fade\",\"boxesToLoadStart\":12,\"boxesToLoad\":8,\"lazyLoad\":1,\"waitUntilThumbLoads\":1,\"waitForAllThumbsNoMatterWhat\":null,\"LoadingWord\":\"Loading...\",\"loadMoreWord\":\"Load More\",\"noMoreEntriesWord\":\"No More Entries\",\"horizontalSpaceBetweenBoxes\":15,\"verticalSpaceBetweenBoxes\":15,\"wrapContainer\":\"#robo-gallery-wrap-rbs_gallery_69da3c674c629\"};<\/script>\n\n\n<div style=\"height:30px\" aria-hidden=\"true\" class=\"wp-block-spacer\"><\/div>\n\n\n\n<p class=\"has-medium-font-size\">Direcci\u00f3n: Calle Tannat 1480 Valle del sol, Camino el Tr\u00e9bol, Comuna de Padre Hurtado<\/p>\n\n\n\n<div style=\"height:20px\" aria-hidden=\"true\" class=\"wp-block-spacer\"><\/div>\n\n\n\n<p class=\"has-medium-font-size\">Promociones a Domicilio (****)<\/p>\n\n\n<style type=\"text\/css\" scoped>.rbs_gallery_69da3c6753815Spinner{\r\n\t\t\t\tmargin: 50px auto;\r\n\t\t\t\twidth: 50px;\r\n\t\t\t\theight: 40px;\r\n\t\t\t\ttext-align: center;\r\n\t\t\t\tfont-size: 10px;\r\n\t\t\t}\r\n\t\t\t.rbs_gallery_69da3c6753815Spinner > div{\r\n\t\t\t  background-color: #333;\r\n\t\t\t  height: 100%;\r\n\t\t\t  width: 6px;\r\n\t\t\t  display: inline-block;\r\n\t\t\t  -webkit-animation: rbs_gallery_69da3c6753815-stretchdelay 1.2s infinite ease-in-out;\r\n\t\t\t  animation: rbs_gallery_69da3c6753815-stretchdelay 1.2s infinite ease-in-out;\r\n\t\t\t}\r\n\t\t\t.rbs_gallery_69da3c6753815Spinner .rbs_gallery_69da3c6753815Rect2 {\r\n\t\t\t  -webkit-animation-delay: -1.1s;\r\n\t\t\t  animation-delay: -1.1s;\r\n\t\t\t}\r\n\t\t\t.rbs_gallery_69da3c6753815Spinner .rbs_gallery_69da3c6753815Rect3 {\r\n\t\t\t  -webkit-animation-delay: -1.0s;\r\n\t\t\t  animation-delay: -1.0s;\r\n\t\t\t}\r\n\t\t\t.rbs_gallery_69da3c6753815Spinner .rbs_gallery_69da3c6753815Rect4 {\r\n\t\t\t  -webkit-animation-delay: -0.9s;\r\n\t\t\t  animation-delay: -0.9s;\r\n\t\t\t}\r\n\t\t\t.rbs_gallery_69da3c6753815Spinner .rbs_gallery_69da3c6753815Rect5 {\r\n\t\t\t  -webkit-animation-delay: -0.8s;\r\n\t\t\t  animation-delay: -0.8s;\r\n\t\t\t}\r\n\t\t\t@-webkit-keyframes rbs_gallery_69da3c6753815-stretchdelay {\r\n\t\t\t  0%, 40%, 100% { -webkit-transform: scaleY(0.4) }  \r\n\t\t\t  20% { -webkit-transform: scaleY(1.0) }\r\n\t\t\t}\r\n\t\t\t@keyframes rbs_gallery_69da3c6753815-stretchdelay {\r\n\t\t\t  0%, 40%, 100% { \r\n\t\t\t    transform: scaleY(0.4);\r\n\t\t\t    -webkit-transform: scaleY(0.4);\r\n\t\t\t  }  20% { \r\n\t\t\t    transform: scaleY(1.0);\r\n\t\t\t    -webkit-transform: scaleY(1.0);\r\n\t\t\t  }\r\n\t\t\t}\r\n\t\t<\/style><div class=\"robo-gallery-wrap robo-gallery-wrap-id913 robo-gallery-grid\"><div id=\"rbs_gallery_69da3c6753815-block-loader\" class=\"rbs_gallery_69da3c6753815Spinner\"><div class=\"rbs_gallery_69da3c6753815Rect1\"><\/div> <div class=\"rbs_gallery_69da3c6753815Rect2\"><\/div> <div class=\"rbs_gallery_69da3c6753815Rect3\"><\/div> <div class=\"rbs_gallery_69da3c6753815Rect4\"><\/div> <div class=\"rbs_gallery_69da3c6753815Rect5\"><\/div><\/div><div id=\"robo_gallery_main_block_rbs_gallery_69da3c6753815\" class=\"robogallery-gallery-913\" style=\"width:100%;  display: none;\"><div id=\"rbs_gallery_69da3c6753815\" data-options=\"rbs_gallery_69da3c6753815\" style=\"width:100%;\" class=\"robo_gallery  \"><div class=\"rbs-img  category913 \" ><div class=\"rbs-img-image   rbs-lightbox \" ><div class=\"rbs-img-thumbs\"  data-thumbnail=\"https:\/\/www.spavitabella.cl\/wp-content\/uploads\/2021\/03\/masaje_parejas_2-240x300.png\"  title=\"Masaje Parejas\"  data-width=\"240\"  data-height=\"300\" ><\/div><div class=\"rbs-img-data-popup\"  data-popup=\"https:\/\/www.spavitabella.cl\/wp-content\/uploads\/2021\/03\/masaje_parejas_2.png\"  title=\"Masaje Parejas\" ><\/div><div class=\"thumbnail-overlay\"><div class=\"rbsTitle \">Masaje Parejas<\/div><div class=\"rbsIcons\"><i class=\"fa fa-search-plus rbsZoomIcon \" ><\/i><\/div><\/div><\/div><\/div><\/div><\/div><\/div><script>var rbs_gallery_69da3c6753815 = {\"version\":\"3.0.4\",\"id\":913,\"class\":\"id913\",\"roboGalleryDelay\":1000,\"mainContainer\":\"#robo_gallery_main_block_rbs_gallery_69da3c6753815\",\"columnWidth\":\"auto\",\"columns\":3,\"resolutions\":[{\"columnWidth\":\"auto\",\"columns\":3,\"maxWidth\":960},{\"columnWidth\":\"auto\",\"columns\":2,\"maxWidth\":650},{\"columnWidth\":\"auto\",\"columns\":1,\"maxWidth\":450}],\"loadingContainer\":\"#rbs_gallery_69da3c6753815-block-loader\",\"deepLinking\":null,\"lightboxOptions\":{\"gallery\":{\"enabled\":true,\"tCounter\":\"%curr% of %total%\"}},\"overlayEffect\":\"direction-aware-fade\",\"boxesToLoadStart\":12,\"boxesToLoad\":8,\"lazyLoad\":1,\"waitUntilThumbLoads\":1,\"waitForAllThumbsNoMatterWhat\":null,\"LoadingWord\":\"Loading...\",\"loadMoreWord\":\"Load More\",\"noMoreEntriesWord\":\"No More Entries\",\"horizontalSpaceBetweenBoxes\":15,\"verticalSpaceBetweenBoxes\":15,\"wrapContainer\":\"#robo-gallery-wrap-rbs_gallery_69da3c6753815\"};<\/script>\n\n\n<div style=\"height:20px\" aria-hidden=\"true\" class=\"wp-block-spacer\"><\/div>\n\n\n\n<div class=\"wp-block-buttons\">\n<div class=\"wp-block-button is-style-fill\"><a class=\"wp-block-button__link has-very-dark-gray-color has-text-color has-background\" href=\"https:\/\/api.whatsapp.com\/send?phone=5696878%209104&amp;text=Hola&amp;source=&amp;data=&amp;app_absent=\" style=\"background-color:#eab877\" target=\"_blank\" rel=\"noreferrer noopener\">Reserva  AQU\u00cd<\/a><\/div>\n<\/div>\n\n\n\n<div style=\"height:100px\" aria-hidden=\"true\" class=\"wp-block-spacer\"><\/div>\n\n\n\n<p class=\"has-medium-font-size\">*  Consulte por valores a domicilio<\/p>\n\n\n\n<p class=\"has-medium-font-size\">**Promociones v\u00e1lidas hasta el 30 de Abril de 2021<\/p>\n\n\n\n<p class=\"has-medium-font-size\">*** Los valores promocionales s\u00f3lo son v\u00e1lidos en espacio de Padre Hurtado<\/p>\n\n\n\n<p class=\"has-medium-font-size\">**** Recargo a su comuna<\/p>\n","protected":false},"excerpt":{"rendered":"<p>\u00a1No te pierdas estas promociones! Promociones por apertura nuevo espacio en la Comuna de Padre Hurtado (* ** ***) Direcci\u00f3n: Calle Tannat 1480 Valle del sol, Camino el Tr\u00e9bol, Comuna de Padre Hurtado Promociones a Domicilio (****) * Consulte por valores a domicilio **Promociones v\u00e1lidas hasta el 30 de Abril de 2021 *** Los valores promocionales s\u00f3lo son v\u00e1lidos en espacio de Padre Hurtado **** Recargo a su comuna<\/p>\n","protected":false},"author":1,"featured_media":649,"parent":0,"menu_order":0,"comment_status":"closed","ping_status":"closed","template":"template-no-sidebar.php","meta":[],"yoast_head":"<!-- This site is optimized with the Yoast SEO plugin v14.7 - https:\/\/yoast.com\/wordpress\/plugins\/seo\/ -->\n<title>Promociones - SPA VitaBella<\/title>\n<meta name=\"robots\" content=\"index, follow\" \/>\n<meta name=\"googlebot\" content=\"index, follow, max-snippet:-1, max-image-preview:large, max-video-preview:-1\" \/>\n<meta name=\"bingbot\" content=\"index, follow, max-snippet:-1, max-image-preview:large, max-video-preview:-1\" \/>\n<link rel=\"canonical\" href=\"https:\/\/www.spavitabella.cl\/index.php\/promociones\/\" \/>\n<meta property=\"og:locale\" content=\"es_ES\" \/>\n<meta property=\"og:type\" content=\"article\" \/>\n<meta property=\"og:title\" content=\"Promociones - SPA VitaBella\" \/>\n<meta property=\"og:description\" content=\"\u00a1No te pierdas estas promociones! Promociones por apertura nuevo espacio en la Comuna de Padre Hurtado (* ** ***) Direcci\u00f3n: Calle Tannat 1480 Valle del sol, Camino el Tr\u00e9bol, Comuna de Padre Hurtado Promociones a Domicilio (****) * Consulte por valores a domicilio **Promociones v\u00e1lidas hasta el 30 de Abril de 2021 *** Los valores promocionales s\u00f3lo son v\u00e1lidos en espacio de Padre Hurtado **** Recargo a su comuna\" \/>\n<meta property=\"og:url\" content=\"https:\/\/www.spavitabella.cl\/index.php\/promociones\/\" \/>\n<meta property=\"og:site_name\" content=\"SPA VitaBella\" \/>\n<meta property=\"article:publisher\" content=\"https:\/\/www.facebook.com\/Spavitabella-112811393803058\/\" \/>\n<meta property=\"article:modified_time\" content=\"2021-03-12T23:02:06+00:00\" \/>\n<meta property=\"og:image\" content=\"https:\/\/www.spavitabella.cl\/wp-content\/uploads\/2020\/07\/aaaaa.png\" \/>\n\t<meta property=\"og:image:width\" content=\"1555\" \/>\n\t<meta property=\"og:image:height\" content=\"1037\" \/>\n<meta name=\"twitter:card\" content=\"summary_large_image\" \/>\n<script type=\"application\/ld+json\" class=\"yoast-schema-graph\">{\"@context\":\"https:\/\/schema.org\",\"@graph\":[{\"@type\":\"Organization\",\"@id\":\"https:\/\/www.spavitabella.cl\/#organization\",\"name\":\"SPA Vita Bella\",\"url\":\"https:\/\/www.spavitabella.cl\/\",\"sameAs\":[\"https:\/\/www.facebook.com\/Spavitabella-112811393803058\/\",\"https:\/\/www.instagram.com\/Spa.vitabella\/\"],\"logo\":{\"@type\":\"ImageObject\",\"@id\":\"https:\/\/www.spavitabella.cl\/#logo\",\"inLanguage\":\"es-CL\",\"url\":\"https:\/\/www.spavitabella.cl\/wp-content\/uploads\/2020\/07\/logo_vitabella_box_canela_128.png\",\"width\":128,\"height\":128,\"caption\":\"SPA Vita Bella\"},\"image\":{\"@id\":\"https:\/\/www.spavitabella.cl\/#logo\"}},{\"@type\":\"WebSite\",\"@id\":\"https:\/\/www.spavitabella.cl\/#website\",\"url\":\"https:\/\/www.spavitabella.cl\/\",\"name\":\"SPA VitaBella\",\"description\":\"Recupera tu Salud y tu Bienestar.\",\"publisher\":{\"@id\":\"https:\/\/www.spavitabella.cl\/#organization\"},\"potentialAction\":[{\"@type\":\"SearchAction\",\"target\":\"https:\/\/www.spavitabella.cl\/?s={search_term_string}\",\"query-input\":\"required name=search_term_string\"}],\"inLanguage\":\"es-CL\"},{\"@type\":\"ImageObject\",\"@id\":\"https:\/\/www.spavitabella.cl\/index.php\/promociones\/#primaryimage\",\"inLanguage\":\"es-CL\",\"url\":\"https:\/\/www.spavitabella.cl\/wp-content\/uploads\/2020\/07\/aaaaa.png\",\"width\":1555,\"height\":1037},{\"@type\":\"WebPage\",\"@id\":\"https:\/\/www.spavitabella.cl\/index.php\/promociones\/#webpage\",\"url\":\"https:\/\/www.spavitabella.cl\/index.php\/promociones\/\",\"name\":\"Promociones - SPA VitaBella\",\"isPartOf\":{\"@id\":\"https:\/\/www.spavitabella.cl\/#website\"},\"primaryImageOfPage\":{\"@id\":\"https:\/\/www.spavitabella.cl\/index.php\/promociones\/#primaryimage\"},\"datePublished\":\"2020-07-05T15:39:55+00:00\",\"dateModified\":\"2021-03-12T23:02:06+00:00\",\"breadcrumb\":{\"@id\":\"https:\/\/www.spavitabella.cl\/index.php\/promociones\/#breadcrumb\"},\"inLanguage\":\"es-CL\",\"potentialAction\":[{\"@type\":\"ReadAction\",\"target\":[\"https:\/\/www.spavitabella.cl\/index.php\/promociones\/\"]}]},{\"@type\":\"BreadcrumbList\",\"@id\":\"https:\/\/www.spavitabella.cl\/index.php\/promociones\/#breadcrumb\",\"itemListElement\":[{\"@type\":\"ListItem\",\"position\":1,\"item\":{\"@type\":\"WebPage\",\"@id\":\"https:\/\/www.spavitabella.cl\/\",\"url\":\"https:\/\/www.spavitabella.cl\/\",\"name\":\"Portada\"}},{\"@type\":\"ListItem\",\"position\":2,\"item\":{\"@type\":\"WebPage\",\"@id\":\"https:\/\/www.spavitabella.cl\/index.php\/promociones\/\",\"url\":\"https:\/\/www.spavitabella.cl\/index.php\/promociones\/\",\"name\":\"Promociones\"}}]}]}<\/script>\n<!-- \/ Yoast SEO plugin. -->","_links":{"self":[{"href":"https:\/\/www.spavitabella.cl\/index.php\/wp-json\/wp\/v2\/pages\/208"}],"collection":[{"href":"https:\/\/www.spavitabella.cl\/index.php\/wp-json\/wp\/v2\/pages"}],"about":[{"href":"https:\/\/www.spavitabella.cl\/index.php\/wp-json\/wp\/v2\/types\/page"}],"author":[{"embeddable":true,"href":"https:\/\/www.spavitabella.cl\/index.php\/wp-json\/wp\/v2\/users\/1"}],"replies":[{"embeddable":true,"href":"https:\/\/www.spavitabella.cl\/index.php\/wp-json\/wp\/v2\/comments?post=208"}],"version-history":[{"count":119,"href":"https:\/\/www.spavitabella.cl\/index.php\/wp-json\/wp\/v2\/pages\/208\/revisions"}],"predecessor-version":[{"id":917,"href":"https:\/\/www.spavitabella.cl\/index.php\/wp-json\/wp\/v2\/pages\/208\/revisions\/917"}],"wp:featuredmedia":[{"embeddable":true,"href":"https:\/\/www.spavitabella.cl\/index.php\/wp-json\/wp\/v2\/media\/649"}],"wp:attachment":[{"href":"https:\/\/www.spavitabella.cl\/index.php\/wp-json\/wp\/v2\/media?parent=208"}],"curies":[{"name":"wp","href":"https:\/\/api.w.org\/{rel}","templated":true}]}}