{"id":61,"date":"2019-08-29T23:33:31","date_gmt":"2019-08-30T02:33:31","guid":{"rendered":"https:\/\/www.spavitabella.cl\/?page_id=61"},"modified":"2021-04-22T13:32:11","modified_gmt":"2021-04-22T16:32:11","slug":"vita-bella-spa","status":"publish","type":"page","link":"https:\/\/www.spavitabella.cl\/","title":{"rendered":"Spa VitaBella"},"content":{"rendered":"\n<p class=\"has-medium-font-size\">En Vita Bella contamos con un equipo multidisciplinario altamente calificado para brindarte salud, armon\u00eda y bienestar.<\/p>\n\n\n\n<p class=\"has-medium-font-size\">Mira nuestra entrevista que hicimos para Tribu Emprende <a href=\"https:\/\/tribuemprende.cl\/2021\/04\/09\/cosmetologia-y-estetica-integral-spa-vita-bella-un-verdadero-regalo-para-tu-cuerpo-y-piel\/\" target=\"_blank\" rel=\"noreferrer noopener\">aqu\u00ed<\/a><\/p>\n\n\n\n<div style=\"height:43px\" aria-hidden=\"true\" class=\"wp-block-spacer\"><\/div>\n\n\n\n<div class=\"wp-block-buttons aligncenter\">\n<div class=\"wp-block-button is-style-outline\"><a class=\"wp-block-button__link has-text-color has-background\" href=\"https:\/\/www.spavitabella.cl\/index.php\/promociones\/\" style=\"background-color:#f3af6f;color:#000000\" target=\"_blank\" rel=\"noreferrer noopener\"><span class=\"has-inline-color has-very-dark-gray-color\">NUESTRAS PROMOCIONES<\/span> <strong>AQU\u00cd<\/strong><span class=\"has-inline-color has-vivid-red-color\"><\/span><\/a><\/div>\n<\/div>\n\n\n\n<div style=\"height:43px\" aria-hidden=\"true\" class=\"wp-block-spacer\"><\/div>\n\n\n\n<div style=\"height:43px\" aria-hidden=\"true\" class=\"wp-block-spacer\"><\/div>\n\n\n\n<div class=\"wp-block-group\"><div class=\"wp-block-group__inner-container\">\n<figure class=\"wp-block-table aligncenter\"><table><tbody><tr><td><span style=\"color:#000000\" class=\"has-inline-color\">Cosmetelog\u00eda &amp; Est\u00e9tica Integral<\/span><\/td><\/tr><tr><td><span style=\"color:#000000\" class=\"has-inline-color\">Tratamientos Reductivos<\/span><\/td><\/tr><tr><td><span style=\"color:#000000\" class=\"has-inline-color\">Masajes Corporales<\/span><\/td><\/tr><tr><td><span style=\"color:#000000\" class=\"has-inline-color\">Manicure y Pedicure<\/span><\/td><\/tr><tr><td><span style=\"color:#000000\" class=\"has-inline-color\">Terapias Alternativas<\/span><\/td><\/tr><tr><td><span style=\"color:#000000\" class=\"has-inline-color\">Podolog\u00eda Cl\u00ednica<\/span><\/td><\/tr><tr><td><span style=\"color:#000000\" class=\"has-inline-color\">Terapias para bajar de peso<\/span><\/td><\/tr><\/tbody><\/table><figcaption><br><\/figcaption><\/figure>\n\n\n\n<div style=\"height:50px\" aria-hidden=\"true\" class=\"wp-block-spacer\"><\/div>\n\n\n\n<p class=\"has-large-font-size\">DIAGN\u00d3STICO PARA TU PIEL<\/p>\n\n\n\n<p class=\"has-medium-font-size\">Para lucir tu piel natural y joven te ofrecemos un amplio abanico de tratamientos dando 100% resultados faciales y corporales con <em>aparatolog\u00eda moderna<\/em><\/p>\n\n\n\n<div style=\"height:70px\" aria-hidden=\"true\" class=\"wp-block-spacer\"><\/div>\n<\/div><\/div>\n\n\n\n<p class=\"has-text-color has-medium-font-size\" style=\"color:#ce844f\"><strong>IMPORTANTE<\/strong><\/p>\n\n\n\n<p class=\"has-background has-medium-font-size\" style=\"background-color:#fca745\">Debido a la Pandemia estamos atendiendo a Domicilio. Cont\u00e1ctenos en nuestras redes sociales de <a rel=\"noreferrer noopener\" href=\"https:\/\/www.facebook.com\/Spavitabella-112811393803058\/\" target=\"_blank\">Facebook<\/a> o <a rel=\"noreferrer noopener\" href=\"https:\/\/www.instagram.com\/Spa.vitabella\/\" target=\"_blank\">Instagram<\/a>, y  por v\u00eda Whatsapp en el <a rel=\"noreferrer noopener\" href=\"https:\/\/api.whatsapp.com\/send?phone=56986543796&amp;text=&amp;source=&amp;data=&amp;app_absent=\" target=\"_blank\">+56 9 6878 9104<\/a>.<\/p>\n","protected":false},"excerpt":{"rendered":"<p>En Vita Bella contamos con un equipo multidisciplinario altamente calificado para brindarte salud, armon\u00eda y bienestar. Mira nuestra entrevista que hicimos para Tribu Emprende aqu\u00ed IMPORTANTE Debido a la Pandemia estamos atendiendo a Domicilio. Cont\u00e1ctenos en nuestras redes sociales de Facebook o Instagram, y por v\u00eda Whatsapp en el +56 9 6878 9104.<\/p>\n","protected":false},"author":1,"featured_media":0,"parent":0,"menu_order":1,"comment_status":"closed","ping_status":"closed","template":"template-no-sidebar.php","meta":[],"yoast_head":"<!-- This site is optimized with the Yoast SEO plugin v14.7 - https:\/\/yoast.com\/wordpress\/plugins\/seo\/ -->\n<title>Spa VitaBella - SPA VitaBella<\/title>\n<meta name=\"robots\" content=\"index, follow\" \/>\n<meta name=\"googlebot\" content=\"index, follow, max-snippet:-1, max-image-preview:large, max-video-preview:-1\" \/>\n<meta name=\"bingbot\" content=\"index, follow, max-snippet:-1, max-image-preview:large, max-video-preview:-1\" \/>\n<link rel=\"canonical\" href=\"https:\/\/www.spavitabella.cl\/\" \/>\n<meta property=\"og:locale\" content=\"es_ES\" \/>\n<meta property=\"og:type\" content=\"article\" \/>\n<meta property=\"og:title\" content=\"Spa VitaBella - SPA VitaBella\" \/>\n<meta property=\"og:description\" content=\"En Vita Bella contamos con un equipo multidisciplinario altamente calificado para brindarte salud, armon\u00eda y bienestar. Mira nuestra entrevista que hicimos para Tribu Emprende aqu\u00ed IMPORTANTE Debido a la Pandemia estamos atendiendo a Domicilio. Cont\u00e1ctenos en nuestras redes sociales de Facebook o Instagram, y por v\u00eda Whatsapp en el +56 9 6878 9104.\" \/>\n<meta property=\"og:url\" content=\"https:\/\/www.spavitabella.cl\/\" \/>\n<meta property=\"og:site_name\" content=\"SPA VitaBella\" \/>\n<meta property=\"article:publisher\" content=\"https:\/\/www.facebook.com\/Spavitabella-112811393803058\/\" \/>\n<meta property=\"article:modified_time\" content=\"2021-04-22T16:32:11+00:00\" \/>\n<meta name=\"twitter:card\" content=\"summary_large_image\" \/>\n<script type=\"application\/ld+json\" class=\"yoast-schema-graph\">{\"@context\":\"https:\/\/schema.org\",\"@graph\":[{\"@type\":\"Organization\",\"@id\":\"https:\/\/www.spavitabella.cl\/#organization\",\"name\":\"SPA Vita Bella\",\"url\":\"https:\/\/www.spavitabella.cl\/\",\"sameAs\":[\"https:\/\/www.facebook.com\/Spavitabella-112811393803058\/\",\"https:\/\/www.instagram.com\/Spa.vitabella\/\"],\"logo\":{\"@type\":\"ImageObject\",\"@id\":\"https:\/\/www.spavitabella.cl\/#logo\",\"inLanguage\":\"es-CL\",\"url\":\"https:\/\/www.spavitabella.cl\/wp-content\/uploads\/2020\/07\/logo_vitabella_box_canela_128.png\",\"width\":128,\"height\":128,\"caption\":\"SPA Vita Bella\"},\"image\":{\"@id\":\"https:\/\/www.spavitabella.cl\/#logo\"}},{\"@type\":\"WebSite\",\"@id\":\"https:\/\/www.spavitabella.cl\/#website\",\"url\":\"https:\/\/www.spavitabella.cl\/\",\"name\":\"SPA VitaBella\",\"description\":\"Recupera tu Salud y tu Bienestar.\",\"publisher\":{\"@id\":\"https:\/\/www.spavitabella.cl\/#organization\"},\"potentialAction\":[{\"@type\":\"SearchAction\",\"target\":\"https:\/\/www.spavitabella.cl\/?s={search_term_string}\",\"query-input\":\"required name=search_term_string\"}],\"inLanguage\":\"es-CL\"},{\"@type\":\"WebPage\",\"@id\":\"https:\/\/www.spavitabella.cl\/#webpage\",\"url\":\"https:\/\/www.spavitabella.cl\/\",\"name\":\"Spa VitaBella - SPA VitaBella\",\"isPartOf\":{\"@id\":\"https:\/\/www.spavitabella.cl\/#website\"},\"datePublished\":\"2019-08-30T02:33:31+00:00\",\"dateModified\":\"2021-04-22T16:32:11+00:00\",\"breadcrumb\":{\"@id\":\"https:\/\/www.spavitabella.cl\/#breadcrumb\"},\"inLanguage\":\"es-CL\",\"potentialAction\":[{\"@type\":\"ReadAction\",\"target\":[\"https:\/\/www.spavitabella.cl\/\"]}]},{\"@type\":\"BreadcrumbList\",\"@id\":\"https:\/\/www.spavitabella.cl\/#breadcrumb\",\"itemListElement\":[{\"@type\":\"ListItem\",\"position\":1,\"item\":{\"@type\":\"WebPage\",\"@id\":\"https:\/\/www.spavitabella.cl\/\",\"url\":\"https:\/\/www.spavitabella.cl\/\",\"name\":\"Portada\"}},{\"@type\":\"ListItem\",\"position\":2,\"item\":{\"@type\":\"WebPage\",\"@id\":\"https:\/\/www.spavitabella.cl\/\",\"url\":\"https:\/\/www.spavitabella.cl\/\",\"name\":\"Spa VitaBella\"}}]}]}<\/script>\n<!-- \/ Yoast SEO plugin. -->","_links":{"self":[{"href":"https:\/\/www.spavitabella.cl\/index.php\/wp-json\/wp\/v2\/pages\/61"}],"collection":[{"href":"https:\/\/www.spavitabella.cl\/index.php\/wp-json\/wp\/v2\/pages"}],"about":[{"href":"https:\/\/www.spavitabella.cl\/index.php\/wp-json\/wp\/v2\/types\/page"}],"author":[{"embeddable":true,"href":"https:\/\/www.spavitabella.cl\/index.php\/wp-json\/wp\/v2\/users\/1"}],"replies":[{"embeddable":true,"href":"https:\/\/www.spavitabella.cl\/index.php\/wp-json\/wp\/v2\/comments?post=61"}],"version-history":[{"count":43,"href":"https:\/\/www.spavitabella.cl\/index.php\/wp-json\/wp\/v2\/pages\/61\/revisions"}],"predecessor-version":[{"id":921,"href":"https:\/\/www.spavitabella.cl\/index.php\/wp-json\/wp\/v2\/pages\/61\/revisions\/921"}],"wp:attachment":[{"href":"https:\/\/www.spavitabella.cl\/index.php\/wp-json\/wp\/v2\/media?parent=61"}],"curies":[{"name":"wp","href":"https:\/\/api.w.org\/{rel}","templated":true}]}}